{"id":91,"date":"2014-11-13T17:14:04","date_gmt":"2014-11-13T16:14:04","guid":{"rendered":"http:\/\/muzeumpapiernictwa.pl\/?page_id=91"},"modified":"2020-08-12T12:42:15","modified_gmt":"2020-08-12T10:42:15","slug":"dzialy","status":"publish","type":"page","link":"https:\/\/muzeumpapiernictwa.pl\/cz\/zive-muzeum\/oddeleni\/","title":{"rendered":"Odd\u011blen\u00ed"},"content":{"rendered":"<p>V organiza\u010dn\u00ed struktu\u0159e Muzea pap\u00edrenstv\u00ed m\u00e1me odd\u011blen\u00ed zab\u00fdvaj\u00edc\u00ed se v\u00fdzkumem, vzd\u011bl\u00e1v\u00e1n\u00edm a tak\u00e9 vytv\u00e1\u0159en\u00edm \u010derpan\u00e9ho pap\u00edru.<\/p>\n<h3>V\u011bda<\/h3>\n<p>Muzeum hraje nejv\u00fdznamn\u011bj\u0161\u00ed roli v oblasti v\u00fdzkumu d\u011bjin d\u00e1vn\u00e9ho pap\u00edrnictv\u00ed a pap\u00edrensk\u00e9ho pr\u016fmyslu na polsk\u00e9m \u00fazem\u00ed.<\/p>\n<p>Ji\u017e v\u00edce ne\u017e 20 let vedeme v\u00fdzkum filigr\u00e1n\u016f (vodoznak\u016f). D\u00edky tomu, \u017ee ve sv\u00fdch sb\u00edrk\u00e1ch m\u00e1me nejv\u011bt\u0161\u00ed po\u010det pap\u00edr\u016f s vodoznaky, m\u00e1me k dispozici v\u00fdznamn\u00fd v\u00fdzkumn\u00fd materi\u00e1l. V knihovn\u011b muzea se nach\u00e1z\u00ed nejd\u016fle\u017eit\u011bj\u0161\u00ed katalogy vodoznak\u016f, kter\u00e9 umo\u017e\u0148uj\u00ed odbornou identifikaci vodoznak\u016f.<\/p>\n<p>D\u016fle\u017eit\u00fdm p\u0159edm\u011btem v\u00fdzkumu Muzea jsou rovn\u011b\u017e d\u00e1vn\u00e9 techniky zdoben\u00ed pap\u00edr\u016f. M\u00e1me nejv\u011bt\u0161\u00ed sb\u00edrku objekt\u016f spojen\u00fdch s touto oblast\u00ed v Polsku.<\/p>\n<p><a>Dzia\u0142 historii papiernictwa<\/a><\/p>\n<p>Dosud nerozs\u00e1hlej\u0161\u00ed uskute\u010dn\u011bn\u00e9 projekty Muzea pap\u00edrenstv\u00ed v oblasti v\u00fdzkumu d\u011bjin pap\u00edrnictv\u00ed se t\u00fdkaly pap\u00edrensk\u00e9ho pr\u016fmyslu ve Slezsku v 19.stolet\u00ed a v prvn\u00ed polovin\u011b 20. stolet\u00ed.<\/p>\n<p>Druh\u00fd z hlavn\u00edch v\u00fdzkumn\u00fdch projekt\u016f byl spojen s d\u011bjinami pap\u00edrensk\u00e9ho pr\u016fmyslu v Polsku v obdob\u00ed Polsk\u00e9 lidov\u00e9 republiky.<\/p>\n<p>Moment\u00e1ln\u011b je v oblasti d\u011bjin pap\u00edrensk\u00e9ho pr\u016fmyslu realizov\u00e1n projekt t\u00fdkaj\u00edc\u00ed se pap\u00edrensk\u00e9ho odv\u011btv\u00ed v Polsku od po\u010d\u00e1tku restrukturalizace v 1989 do vstupu Polska do Evropsk\u00e9 unie.<\/p>\n<p><a href=\"#\">Dzia\u0142 papiernictwa\u00a0<\/a><\/p>\n<p>Muzeum v Dusznik\u00e1ch je jedinou v\u00fdzkumnou instituc\u00ed v obci Duszniki-Zdr\u00f3j, proto se zab\u00fdv\u00e1 tak\u00e9 v\u00fdzkumem d\u011bjin t\u00e9to obce. Z\u00e1kladem je p\u0159edev\u0161\u00edm studium n\u011bmecky psan\u00e9 literatury, ikonografick\u00e9ho materi\u00e1lu, archivn\u00edch dokument\u016f a historick\u00fd denn\u00ed tisk.<\/p>\n<p><a href=\"#\">Dzia\u0142 historii Dusznik-Zdroju<\/a><\/p>\n<p>Z\u00e1kladem pro mnoh\u00e9 v\u011bdeck\u00e9 v\u00fdzkumy jsou spolehliv\u00e9 zdroje. V muzeu m\u00e1me v\u00fdrobn\u011b z\u00e1sobenou v\u011bdeckou knihovnu \u2013 krom\u011b bohat\u00e9ho v\u00fdb\u011bru literatury spojen\u00e9 s pap\u00edrnictv\u00edm, shroma\u017e\u010fujeme \u010dasopisy a star\u00e9 tisky. Knihovnu m\u016f\u017ee vyu\u017e\u00edvat ka\u017ed\u00fd z\u00e1jemce.<\/p>\n<p><a href=\"#\">Biblioteka Muzeum Papiernictwa<\/a><\/p>\n<p>D\u016fle\u017eitou sou\u010d\u00e1st\u00ed na\u0161\u00ed v\u011bdeck\u00e9 \u010dinnosti je vyd\u00e1v\u00e1n\u00ed (od roku 2007) vlastn\u00edho periodika \u2013 Rocznik Muzeum Papiernictwa. Publikujeme v n\u011bm popul\u00e1rn\u011b-v\u011bdeck\u00e9 \u010dl\u00e1nky prezentuj\u00edc\u00ed v\u00fdsledky v\u011bdeck\u00fdch v\u00fdzkum\u016f, ale tak\u00e9 kroniku ud\u00e1lost\u00ed. Periodikum je v elektronick\u00e9 podob\u011b dostupn\u00e9 ke sta\u017een\u00ed zdarma.<\/p>\n<p><a href=\"http:\/\/rocznik.muzeumpapiernictwa.pl.pl\/\">Rocznik Muzeum Papiernictwa <\/a><\/p>\n<p>Muzeum pap\u00edrenstv\u00ed ji\u017e v 80. letech 20. stolet\u00ed zah\u00e1jilo zahrani\u010dn\u00ed spolupr\u00e1ci, ale teprve po roce 1989 dostala tato spolupr\u00e1ce nov\u00fd rozm\u011br. Zam\u011bstnanci za\u010dali vyu\u017e\u00edvat b\u00e1zi knihovny Deutsches Buch- und Schriftsmuseum v Lipsku, do\u0161lo k v\u00fdm\u011bn\u011b informac\u00ed s Muzeem ve Velk\u00fdch Losin\u00e1ch v \u010cesk\u00e9 republice. Tyto kontakty vedly k vypracov\u00e1n\u00ed v\u011bdeck\u00fdch a popul\u00e1rn\u011b-v\u011bdeck\u00fdch \u010dl\u00e1nk\u016f a dopln\u011bn\u00ed expozic Muzea pap\u00edrenstv\u00ed. Na\u0161i instituci nav\u0161t\u00edvili zahrani\u010dn\u00ed v\u011bdci, kte\u0159\u00ed vyu\u017e\u00edvali muzejn\u00ed knihovn\u00ed sb\u00edrku. V roce 2005 Muzeum pap\u00edrenstv\u00ed bylo spoluorganiz\u00e1torem Mezin\u00e1rodn\u00edho kongresu Historik\u016f Pap\u00edrenstv\u00ed (IPH).<\/p>\n<h3>Vzd\u011bl\u00e1v\u00e1n\u00ed a osv\u011bta<\/h3>\n<p>Vzd\u011bl\u00e1v\u00e1n\u00ed a osv\u011bta tvo\u0159\u00ed z\u00e1klady fungov\u00e1n\u00ed Muzea pap\u00edrenstv\u00ed jako instituce, jej\u00ed\u017e mis\u00ed je \u0161\u00ed\u0159en\u00ed znalost\u00ed o pap\u00edru a pap\u00edrenstv\u00ed. Zam\u011bstnanci vzd\u011bl\u00e1vac\u00edho odd\u011blen\u00ed organizuj\u00ed mj. prohl\u00eddky a v\u011bt\u0161inu workshop\u016f.<\/p>\n<p><a href=\"#\">Dzia\u0142 naukowo-o\u015bwiatowy<\/a><\/p>\n<p>Workshopy a uk\u00e1zky grafick\u00fdch technik, plen\u00e9ry a s nimi spojen\u00e9 v\u00fdstavy jsou zase dom\u00e9nou grafick\u00e9 d\u00edlny.<\/p>\n<h3>V\u00fdroba \u010derpan\u00e9ho pap\u00edru<\/h3>\n<p>Vybaven\u00ed pro \u010derp\u00e1n\u00ed pap\u00edru bylo uvedeno do provozu kr\u00e1tce po vzniku Muzea pap\u00edrenstv\u00ed. \u010c\u00e1st pap\u00edru, kter\u00fd je vytv\u00e1\u0159en profesion\u00e1ly v oblasti \u010derp\u00e1n\u00ed pap\u00edru, je ur\u010den k prodeji, \u010d\u00e1st je vyu\u017e\u00edv\u00e1na pro tvorbu suven\u00fdr\u016f prod\u00e1van\u00fdch v muzejn\u00edm obch\u016fdku.<\/p>\n<p><a href=\"#\">Dzia\u0142 produkcji papieru czerpanego<\/a><\/p>\n<p>V vybaven\u00ed \u010derp\u00e1rny jsou instalov\u00e1ny tak\u00e9 stanovi\u0161t\u011b pro uk\u00e1zku v\u00fdroby a workshopy. D\u00edky tomu mohou n\u00e1v\u0161t\u011bvn\u00edci vid\u011bt, jak byl p\u0159ed stolet\u00edmi pap\u00edr vytv\u00e1\u0159en a mohou si tak\u00e9 sami na\u010derpat vlastn\u00ed arch.<\/p>\n<p><a href=\"http:\/\/muzeumpapiernictwa.pl\/cz\/vzdelavani\/\">Muzejn\u00ed vyu\u010dov\u00e1n\u00ed a workshopy<\/a><\/p>","protected":false},"excerpt":{"rendered":"<p>V organiza\u010dn\u00ed struktu\u0159e Muzea pap\u00edrenstv\u00ed m\u00e1me odd\u011blen\u00ed zab\u00fdvaj\u00edc\u00ed se v\u00fdzkumem, vzd\u011bl\u00e1v\u00e1n\u00edm a tak\u00e9 vytv\u00e1\u0159en\u00edm \u010derpan\u00e9ho pap\u00edru. V\u011bda Muzeum hraje nejv\u00fdznamn\u011bj\u0161\u00ed roli v oblasti v\u00fdzkumu d\u011bjin d\u00e1vn\u00e9ho pap\u00edrnictv\u00ed a pap\u00edrensk\u00e9ho pr\u016fmyslu na polsk\u00e9m \u00fazem\u00ed. Ji\u017e v\u00edce ne\u017e 20 let vedeme v\u00fdzkum filigr\u00e1n\u016f (vodoznak\u016f). D\u00edky tomu, \u017ee ve sv\u00fdch sb\u00edrk\u00e1ch m\u00e1me nejv\u011bt\u0161\u00ed po\u010det pap\u00edr\u016f s vodoznaky, m\u00e1me [&hellip;]<\/p>\n","protected":false},"author":1,"featured_media":0,"parent":157,"menu_order":352,"comment_status":"open","ping_status":"open","template":"","meta":{"_acf_changed":false,"ngg_post_thumbnail":0,"footnotes":""},"class_list":["post-91","page","type-page","status-publish","hentry"],"acf":[],"_links":{"self":[{"href":"https:\/\/muzeumpapiernictwa.pl\/cz\/wp-json\/wp\/v2\/pages\/91","targetHints":{"allow":["GET"]}}],"collection":[{"href":"https:\/\/muzeumpapiernictwa.pl\/cz\/wp-json\/wp\/v2\/pages"}],"about":[{"href":"https:\/\/muzeumpapiernictwa.pl\/cz\/wp-json\/wp\/v2\/types\/page"}],"author":[{"embeddable":true,"href":"https:\/\/muzeumpapiernictwa.pl\/cz\/wp-json\/wp\/v2\/users\/1"}],"replies":[{"embeddable":true,"href":"https:\/\/muzeumpapiernictwa.pl\/cz\/wp-json\/wp\/v2\/comments?post=91"}],"version-history":[{"count":37,"href":"https:\/\/muzeumpapiernictwa.pl\/cz\/wp-json\/wp\/v2\/pages\/91\/revisions"}],"predecessor-version":[{"id":15865,"href":"https:\/\/muzeumpapiernictwa.pl\/cz\/wp-json\/wp\/v2\/pages\/91\/revisions\/15865"}],"up":[{"embeddable":true,"href":"https:\/\/muzeumpapiernictwa.pl\/cz\/wp-json\/wp\/v2\/pages\/157"}],"wp:attachment":[{"href":"https:\/\/muzeumpapiernictwa.pl\/cz\/wp-json\/wp\/v2\/media?parent=91"}],"curies":[{"name":"wp","href":"https:\/\/api.w.org\/{rel}","templated":true}]}}

Oddělení

<p>V organizační struktuře Muzea papírenství máme oddělení zabývající se výzkumem, vzděláváním a také vytvářením čerpaného papíru.</p>
<h3>Věda</h3>
<p>Muzeum hraje nejvýznamnější roli v oblasti výzkumu dějin dávného papírnictví a papírenského průmyslu na polském území.</p>
<p>Již více než 20 let vedeme výzkum filigránů (vodoznaků). Díky tomu, že ve svých sbírkách máme největší počet papírů s vodoznaky, máme k dispozici významný výzkumný materiál. V knihovně muzea se nachází nejdůležitější katalogy vodoznaků, které umožňují odbornou identifikaci vodoznaků.</p>
<p>Důležitým předmětem výzkumu Muzea jsou rovněž dávné techniky zdobení papírů. Máme největší sbírku objektů spojených s touto oblastí v Polsku.</p>
<p><a>Dział historii papiernictwa</a></p>
<p>Dosud nerozsáhlejší uskutečněné projekty Muzea papírenství v oblasti výzkumu dějin papírnictví se týkaly papírenského průmyslu ve Slezsku v 19.století a v první polovině 20. století.</p>
<p>Druhý z hlavních výzkumných projektů byl spojen s dějinami papírenského průmyslu v Polsku v období Polské lidové republiky.</p>
<p>Momentálně je v oblasti dějin papírenského průmyslu realizován projekt týkající se papírenského odvětví v Polsku od počátku restrukturalizace v 1989 do vstupu Polska do Evropské unie.</p>
<p><a href="#">Dział papiernictwa </a></p>
<p>Muzeum v Dusznikách je jedinou výzkumnou institucí v obci Duszniki-Zdrój, proto se zabývá také výzkumem dějin této obce. Základem je především studium německy psané literatury, ikonografického materiálu, archivních dokumentů a historický denní tisk.</p>
<p><a href="#">Dział historii Dusznik-Zdroju</a></p>
<p>Základem pro mnohé vědecké výzkumy jsou spolehlivé zdroje. V muzeu máme výrobně zásobenou vědeckou knihovnu – kromě bohatého výběru literatury spojené s papírnictvím, shromažďujeme časopisy a staré tisky. Knihovnu může využívat každý zájemce.</p>
<p><a href="#">Biblioteka Muzeum Papiernictwa</a></p>
<p>Důležitou součástí naší vědecké činnosti je vydávání (od roku 2007) vlastního periodika – Rocznik Muzeum Papiernictwa. Publikujeme v něm populárně-vědecké články prezentující výsledky vědeckých výzkumů, ale také kroniku událostí. Periodikum je v elektronické podobě dostupné ke stažení zdarma.</p>
<p><a href="http://rocznik.muzeumpapiernictwa.pl.pl/">Rocznik Muzeum Papiernictwa </a></p>
<p>Muzeum papírenství již v 80. letech 20. století zahájilo zahraniční spolupráci, ale teprve po roce 1989 dostala tato spolupráce nový rozměr. Zaměstnanci začali využívat bázi knihovny Deutsches Buch- und Schriftsmuseum v Lipsku, došlo k výměně informací s Muzeem ve Velkých Losinách v České republice. Tyto kontakty vedly k vypracování vědeckých a populárně-vědeckých článků a doplnění expozic Muzea papírenství. Naši instituci navštívili zahraniční vědci, kteří využívali muzejní knihovní sbírku. V roce 2005 Muzeum papírenství bylo spoluorganizátorem Mezinárodního kongresu Historiků Papírenství (IPH).</p>
<h3>Vzdělávání a osvěta</h3>
<p>Vzdělávání a osvěta tvoří základy fungování Muzea papírenství jako instituce, jejíž misí je šíření znalostí o papíru a papírenství. Zaměstnanci vzdělávacího oddělení organizují mj. prohlídky a většinu workshopů.</p>
<p><a href="#">Dział naukowo-oświatowy</a></p>
<p>Workshopy a ukázky grafických technik, plenéry a s nimi spojené výstavy jsou zase doménou grafické dílny.</p>
<h3>Výroba čerpaného papíru</h3>
<p>Vybavení pro čerpání papíru bylo uvedeno do provozu krátce po vzniku Muzea papírenství. Část papíru, který je vytvářen profesionály v oblasti čerpání papíru, je určen k prodeji, část je využívána pro tvorbu suvenýrů prodávaných v muzejním obchůdku.</p>
<p><a href="#">Dział produkcji papieru czerpanego</a></p>
<p>V vybavení čerpárny jsou instalovány také stanoviště pro ukázku výroby a workshopy. Díky tomu mohou návštěvníci vidět, jak byl před stoletími papír vytvářen a mohou si také sami načerpat vlastní arch.</p>
<p><a href="http://muzeumpapiernictwa.pl/cz/vzdelavani/">Muzejní vyučování a workshopy</a></p>

<p>V organizační struktuře Muzea papírenství máme oddělení zabývající se výzkumem, vzděláváním a také vytvářením čerpaného papíru. Věda Muzeum hraje nejvýznamnější roli v oblasti výzkumu dějin dávného papírnictví a papírenského průmyslu na polském území. Již více než 20 let vedeme výzkum filigránů (vodoznaků). Díky tomu, že ve svých sbírkách máme největší počet papírů s vodoznaky, máme [&hellip;]</p>
