{"id":295,"date":"2014-11-21T11:45:47","date_gmt":"2014-11-21T10:45:47","guid":{"rendered":"http:\/\/muzeumpapiernictwa.pl\/?page_id=295"},"modified":"2024-06-21T10:44:20","modified_gmt":"2024-06-21T08:44:20","slug":"swieto-papieru","status":"publish","type":"page","link":"https:\/\/muzeumpapiernictwa.pl\/cz\/papirna\/svatek-papiru\/","title":{"rendered":"Sv\u00e1tek pap\u00edru"},"content":{"rendered":"<p>Sv\u00fdm zp\u016fsobem je Sv\u00e1tek pap\u00edru kumulac\u00ed z\u00e1kladn\u00edch \u010dinnost\u00ed Muzea pap\u00edrenstv\u00ed. Je to na\u0161e nejv\u011bt\u0161\u00ed, dvoudenn\u00ed, slavnost, kterou organizujeme ka\u017ed\u00fdm rokem od roku 2001 posledn\u00ed \u010dervencov\u00fd v\u00edkend \u2013 k v\u00fdro\u010d\u00ed vzniku muzea.\u00a0<\/p>\n<p>Slavnost m\u00e1 za c\u00edl roz\u0161i\u0159ovat znalosti o pap\u00edru, jeho d\u011bjin\u00e1ch, v\u00fdznamu pro rozvoj civilizace a kultury a jeho roli v sou\u010dasn\u00e9m sv\u011bt\u011b. B\u011bhem slavnosti je propagov\u00e1n pap\u00edrensk\u00fd ml\u00fdn, zdej\u0161\u00ed v\u00fdrobci m\u00edstn\u00edch v\u00fdrobk\u016f a aktivn\u00ed turistika..<\/p>\n<p>P\u0159edpokladem Sv\u00e1tku pap\u00edru je zaji\u0161t\u011bn\u00ed n\u00e1v\u0161t\u011bvn\u00edk\u016fm aktivn\u00ed \u00fa\u010dasti ve workshopech s mo\u017enost\u00ed odn\u00e9st si dom\u016f v\u00fdsledek sv\u00e9 pr\u00e1ce. Rozlo\u017een\u00ed jednotliv\u00fdch stanovi\u0161\u0165 je situov\u00e1no tak, aby n\u00e1v\u0161t\u011bvn\u00edk za\u010dal prohl\u00eddku od pap\u00edrensk\u00fdch materi\u00e1l\u016f a surovin, a pot\u00e9 pro\u0161el v\u0161emi etapami v\u00fdroby pap\u00edru (vlastnoru\u010dn\u00ed \u010derp\u00e1n\u00ed pap\u00edru), zkoum\u00e1n\u00ed jeho charakteristiky a vlastnost\u00ed (mramorov\u00e1n\u00ed, shibori, batika). Sou\u010d\u00e1st\u00ed jsou i mnoh\u00e9 sout\u011b\u017ee s hodnotn\u00fdmi cenami \u2013 v oblasti zru\u010dnosti (nap\u0159. hod na c\u00edl rol\u00ed toaletn\u00edho pap\u00edru) i takov\u00e9 spojen\u00e9 se z\u00e1kladn\u00edmi znalosti o pap\u00edru a Muzeum pap\u00edrenstv\u00ed. Dopln\u011bn\u00edm atrakc\u00ed jsou st\u00e1nky um\u011blc\u016f zab\u00fdvaj\u00edc\u00edch se um\u011bn\u00edm z pap\u00edru a st\u00e1nky s rukod\u011bln\u00fdmi a m\u00edstn\u00edmi v\u00fdrobky. Ka\u017edoro\u010dn\u011b jsou b\u011bhem sv\u00e1tku tak\u00e9 zahajov\u00e1ny v\u00fdstavy spojen\u00e9 s um\u011bn\u00edm pap\u00edru.<\/p>","protected":false},"excerpt":{"rendered":"<p>Sv\u00fdm zp\u016fsobem je Sv\u00e1tek pap\u00edru kumulac\u00ed z\u00e1kladn\u00edch \u010dinnost\u00ed Muzea pap\u00edrenstv\u00ed. Je to na\u0161e nejv\u011bt\u0161\u00ed, dvoudenn\u00ed, slavnost, kterou organizujeme ka\u017ed\u00fdm rokem od roku 2001 posledn\u00ed \u010dervencov\u00fd v\u00edkend \u2013 k v\u00fdro\u010d\u00ed vzniku muzea.\u00a0 Slavnost m\u00e1 za c\u00edl roz\u0161i\u0159ovat znalosti o pap\u00edru, jeho d\u011bjin\u00e1ch, v\u00fdznamu pro rozvoj civilizace a kultury a jeho roli v sou\u010dasn\u00e9m sv\u011bt\u011b. B\u011bhem slavnosti [&hellip;]<\/p>\n","protected":false},"author":1,"featured_media":0,"parent":116,"menu_order":190,"comment_status":"open","ping_status":"open","template":"","meta":{"_acf_changed":false,"ngg_post_thumbnail":0,"footnotes":""},"class_list":["post-295","page","type-page","status-publish","hentry"],"acf":[],"_links":{"self":[{"href":"https:\/\/muzeumpapiernictwa.pl\/cz\/wp-json\/wp\/v2\/pages\/295","targetHints":{"allow":["GET"]}}],"collection":[{"href":"https:\/\/muzeumpapiernictwa.pl\/cz\/wp-json\/wp\/v2\/pages"}],"about":[{"href":"https:\/\/muzeumpapiernictwa.pl\/cz\/wp-json\/wp\/v2\/types\/page"}],"author":[{"embeddable":true,"href":"https:\/\/muzeumpapiernictwa.pl\/cz\/wp-json\/wp\/v2\/users\/1"}],"replies":[{"embeddable":true,"href":"https:\/\/muzeumpapiernictwa.pl\/cz\/wp-json\/wp\/v2\/comments?post=295"}],"version-history":[{"count":23,"href":"https:\/\/muzeumpapiernictwa.pl\/cz\/wp-json\/wp\/v2\/pages\/295\/revisions"}],"predecessor-version":[{"id":22880,"href":"https:\/\/muzeumpapiernictwa.pl\/cz\/wp-json\/wp\/v2\/pages\/295\/revisions\/22880"}],"up":[{"embeddable":true,"href":"https:\/\/muzeumpapiernictwa.pl\/cz\/wp-json\/wp\/v2\/pages\/116"}],"wp:attachment":[{"href":"https:\/\/muzeumpapiernictwa.pl\/cz\/wp-json\/wp\/v2\/media?parent=295"}],"curies":[{"name":"wp","href":"https:\/\/api.w.org\/{rel}","templated":true}]}}

Svátek papíru

<p>Svým způsobem je Svátek papíru kumulací základních činností Muzea papírenství. Je to naše největší, dvoudenní, slavnost, kterou organizujeme každým rokem od roku 2001 poslední červencový víkend – k výročí vzniku muzea. </p>
<p>Slavnost má za cíl rozšiřovat znalosti o papíru, jeho dějinách, významu pro rozvoj civilizace a kultury a jeho roli v současném světě. Během slavnosti je propagován papírenský mlýn, zdejší výrobci místních výrobků a aktivní turistika..</p>
<p>Předpokladem Svátku papíru je zajištění návštěvníkům aktivní účasti ve workshopech s možností odnést si domů výsledek své práce. Rozložení jednotlivých stanovišť je situováno tak, aby návštěvník začal prohlídku od papírenských materiálů a surovin, a poté prošel všemi etapami výroby papíru (vlastnoruční čerpání papíru), zkoumání jeho charakteristiky a vlastností (mramorování, shibori, batika). Součástí jsou i mnohé soutěže s hodnotnými cenami – v oblasti zručnosti (např. hod na cíl rolí toaletního papíru) i takové spojené se základními znalosti o papíru a Muzeum papírenství. Doplněním atrakcí jsou stánky umělců zabývajících se uměním z papíru a stánky s rukodělnými a místními výrobky. Každoročně jsou během svátku také zahajovány výstavy spojené s uměním papíru.</p>

<p>Svým způsobem je Svátek papíru kumulací základních činností Muzea papírenství. Je to naše největší, dvoudenní, slavnost, kterou organizujeme každým rokem od roku 2001 poslední červencový víkend – k výročí vzniku muzea.  Slavnost má za cíl rozšiřovat znalosti o papíru, jeho dějinách, významu pro rozvoj civilizace a kultury a jeho roli v současném světě. Během slavnosti [&hellip;]</p>
